352006
What is 406020 (base 7) in base 9?
115050
-61179 (base 12) to base 13
-456a8
Convert -374162 (base 10) to base 13.
-1013c9
Convert -4dc03 (base 14) to base 11.
-121025
What is -715339 (base 10) in base 15?
-e1e44
Convert 232321213 (base 4) to base 8.
567147
Convert -3163456 (base 7) to base 3.
-201120201001
330030323 (base 4) to base 7
2044625
-1300432 (base 5) to base 15
-7697
Convert 161031 (base 8) to base 3.
2221101202
Convert 20100100000111 (base 3) to base 10.
3372367
What is 25cb3d (base 16) in base 9?
4584547
Convert 54ce0 (base 15) to base 12.
10bb93
Convert -11111101011000111 (base 2) to base 14.
-353cb
-14311242 (base 5) to base 10
-150822
20242304 (base 6) to base 12
240394
-103320213 (base 6) to base 15
-266c90
1603136 (base 7) to base 14
5a056
What is 111110010111110000 (base 2) in base 6?
5250424
3a703 (base 11) to base 7
331224
What is 2209447 (base 11) in base 2?
1110110010101101101010
What is 7603a (base 16) in base 8?
1660072
What is -3436745 (base 11) in base 9?
-12272437
Convert 23d3 (base 14) to base 16.
1875
What is 14730470 (base 10) in base 14?
1d56366
-4120010 (base 7) to base 13
-143066
What is 1100100001111000101 (base 2) in base 15?
819b0
What is 1774737 (base 10) in base 4?
12301102101
-157583 (base 9) to base 15
-1dd0c
What is 2023230330 (base 4) in base 8?
2135474
-1110000011101101 (base 2) to base 4
-32003231
Convert -11254500 (base 6) to base 15.
-6d913
What is -100101111000000010001100 (base 2) in base 9?
-20612728
Convert 247d7 (base 14) to base 5.
10324434
Convert -14968b9 (base 12) to base 11.
-23a5214
What is -3145631 (base 9) in base 3?
-10011112201001
Convert 13133132 (base 5) to base 11.
89a91
-440135054 (base 6) to base 14
-108520a
Convert -a739a4 (base 13) to base 6.
-220013131
Convert -62038 (base 9) to base 11.
-28775
Convert -32433554 (base 7) to base 14.
-525a2b
Convert -433e8a (base 15) to base 7.
-36136360
What is 440221 (base 7) in base 6?
1352121
1223265 (base 7) to base 6
3211543
Convert d1d428 (base 15) to base 4.
212001123101
What is -4de4ca (base 15) in base 6?
-212125101
What is -1249778 (base 12) in base 6?
-204445032
-10100111001111100010 (base 2) to base 9
-1253610
95a93 (base 12) to base 15
3d4b0
Convert -15864386 (base 9) to base 15.
-a72149
Convert 61a992 (base 11) to base 4.
3303001313
What is -1012322132 (base 4) in base 16?
-46e9e
What is -10010101000110100 (base 2) in base 14?
-1db6c
Convert -24113131 (base 6) to base 9.
-1372361
What is 12323512 (base 6) in base 14?
a5aba
-282535 (base 13) to base 10
-976357
Convert -13c93 (base 14) to base 16.
-bfe9
What is -302201111 (base 4) in base 9?
-344765
-113122401 (base 5) to base 2
-1111111000010011111
What is -2bb4e4 (base 16) in base 6?
-141220524
-122c37 (base 13) to base 10
-434883
Convert -12622314 (base 7) to base 13.
-31a559
What is -53a6 (base 13) in base 9?
-16850
What is -1122332210 (base 4) in base 2?
-1011010111110100100
Convert -170714 (base 10) to base 4.
-221223122
444914 (base 10) to base 2
1101100100111110010
What is -200261 (base 9) in base 3?
-20000022001
Convert -46140 (base 10) to base 7.
-251343
1101122001121 (base 3) to base 5
142200312
Convert -4263946 (base 10) to base 14.
-7cdcb8
What is -3886095 (base 12) in base 11?
-63093a6
Convert -221302010 (base 4) to base 2.
-101001110010000100
Convert -1112011021 (base 3) to base 4.
-13110310
31989 (base 10) to base 16
7cf5
Convert -38808 (base 12) to base 10.
-77192
Convert -881092 (base 15) to base 8.
-30567070
What is -181287 (base 11) in base 14?
-73db1
Convert 894677 (base 11) to base 7.
15060225
1000151 (base 7) to base 11
80501
Convert 267016 (base 8) to base 4.
112320032
17834ab (base 12) to base 14
9177c7
260476 (base 8) to base 15
1bbda
Convert 110756 (base 9) to base 7.
364041
-8d1bb5 (base 15) to base 13
-151c57a
Convert -101122102000 (base 3) to base 2.
-110011001001110000
Convert 255732 (base 11) to base 6.
12345004
-3332460 (base 8) to base 14
-195560
-20011111231 (base 4) to base 7
-24003622
Convert -30023212023 (base 4) to base 16.
-30b98b
Convert 9b704a (base 12) to base 14.
4879a2
Convert 20000002020 (base 3) to base 16.
1cd8e
2a84a (base 12) to base 11
41061
What is -91557 (base 12) in base 3?
-100121110011
5880361 (base 9) to base 13
875689
What is -101430440 (base 5) in base 2?
-1100110101110001001
Convert -11021211120 (base 3) to base 13.
-2c589
394394 (base 10) to base 3
202001000012
What is -1110101000011011010 (base 2) in base 12?
-1b1562
20c52 (base 15) to base 9
167625
238874a (base 11) to base 3
21211002112010
Convert -2631 (base 9) to base 2.
-11110110100
10212101220 (base 3) to base 15
17840
What is -a8b4b (base 13) in base 12?
-128698
Convert 58553 (base 12) to base 4.
130320033
What is -141002455 (base 6) in base 8?
-12667643
Convert -1a485c (base 15) to base 11.
-7a5497
213301012 (base 4) to base 9
267384
1101111101111000010 (base 2) to base 14
bcb06
-2263495 (base 11) to base 13
-a87509
64c98 (base 14) to base 3
110101122111
22ba03 (base 14) to base 10
1184627
34920 (base 14) to base 3
20111121100
Convert 11353220 (base 7) to base 14.
1c2247
Convert a3b30 (base 12) to base 4.
310102110
Convert -12121121212121 (base 3) to base 4.
-23120213302
Convert -64152207 (base 8) to base 6.
-1205200343
What is -103022022 (base 4) in base 9?
-128573
Convert -87a90 (base 13) to base 16.
-3bfaa
Convert 201002121013 (base 4) to base 3.
121022000001011
-111210000011 (base 3) to base 5
-32134232
10111111011011111101 (base 2) to base 7
6444036
-2411345 (base 8) to base 3
-1020112121202
Convert -402422 (base 8) to base 9.
-221517
-4dc10 (base 14) to base 8
-566326
What is c7b1c1 (base 15) in base 2?
100100010000011010010110
1253414 (base 7) to base 4
220022120
Convert -121650 (base 9) to base 12.
-365b3
What is 110556 (base 9) in base 15?
14896
Convert 31b90 (base 13) to base 5.
10333411
Convert -11620413 (base 9) to base 12.
-1aa0356
c232a (base 13) to base 10
347669
-8ad38 (base 16) to base 10
-568632
Convert 14620337 (base 10) to base 14.
1d2817b
What is 1c4a53 (base 14) in base 12?
409669
159070 (base 12) to base 4
1121320110
Convert 45ae7d (base 15) to base 6.
155153431
-19492a1 (base 11) to base 16
-323b0c
Convert -715164 (base 8) to base 4.
-321221310
Convert -29069 (base 13) to base 6.
-1352222
What is 636140 (base 9) in base 12?
163030
What is -41443022 (base 5) in base 14?
-8d288
What is -100021100 (base 5) in base 7?
-3221634
2331410 (base 6) to base 12
59b66
-20102022011 (base 3) to base 8
-366601
221016063 (base 7) to base 12
4554109
-2364274 (base 8) to base 9
-1188730
-120002213100 (base 4) to base 5
-3103132120
2843909 (base 11) to base 6
252530521
What is 15001 (base 10) in base 7?
61510
-22505444 (base 7) to base 14
-393494
Convert 31636555 (base 7) to base 8.
12226652
Convert -1564565 (base 9) to base 12.
-35b188
Convert -d4586 (base 14) to base 3.
-221222121210
Convert -39112a (base 11) to base 15.
-c298b
What is 211331303030 (base 4) in base 12?
33bb638
-11510032 (base 6) to base 2
-1011001100011000100
Convert -95cacc (base 13) to base 12.
-1214960
Convert 3d9784 (base 14) to base 2.
1000001010001110111000
18032 (base 16) to base 15
1e21e
What is -2415412 (base 6) in base 5?
-13030234
Convert -222435 (base 12) to base 6.
-15350505
Convert 10347654 (base 8) to base 7.
24556132
d97b3e (base 16) to base 8
66275476
Convert 550b0 (base 15) to base 5.
32121130
Convert -11032553 (base 6) to base 5.
-41044000
-18655a (base 14) to base 6
-30253512
11000022220 (base 3) to base 15
185ec
-11100001011010011010111 (base 2) to base 11
-4195503
What is 1110100101110010 (base 2) in base 13?
21281
-4462633 (base 8) to base 15
-18c374
What is -101011010101010100 (base 2) in base 10?
-177492
57a7ae (base 15) to base 8
17761163
2dfb2 (base 16) to base 14
4c8ca
What is 30320024 (base 5) in base 16?
3bd16
-917b0 (base 14) to base 7
-2655310
328b6 (base 14) to base 3
20012222201
What is -71a98a (base 11) in base 2?
-100011010010110001111
-16221211 (base 7) to base 5
-400141202
Convert -1137422 (base 8) to base 11.
-1a2780
What is -30b641 (base 12) in base 8?
-2730721
Convert 985337 (base 12) to base 9.
4480047
What is -11423062 (base 8) in base 2?
-1001100010011000110010
Convert 2405486 (base 9) to base 12.
52a159
Convert -2066315 (base 12) t